inder when l is divided by 78?
77
Suppose -o = -2*c - 54, -4*c - 4*o - 71 = 49. Let k = c + 52. Suppose -k*u + 644 = -10*u. What is the remainder when u is divided by 14?
4
Suppose 0*l - 72 = -2*l + 3*z, 4 = z. Suppose 1136 - 140 = 6*k. Calculate the remainder when k is divided by l.
40
Suppose -31*s = -15491 - 37147. What is the remainder when s is divided by 27?
24
Let n = 27130 + -26051. What is the remainder when n is divided by 121?
111
Suppose -1 = s - 57. Let i = -21 + s. Calculate the remainder when 67 is divided by i.
32
Suppose 2*x + 7 = h, 4*h - 45 = 4*x - 9. Let j = -262 + 476. Suppose -4*p + j = 2*u, 5*p + u = -u + 266. Calculate the remainder when p is divided by h.
8
Let d = 260 - 141. What is the remainder when d is divided by (-6*1/10)/((-11)/550)?
29
Suppose -4*b - 3*m + 56 = 0, -b + 109*m = 107*m - 25. Calculate the remainder when 1918 is divided by b.
14
Suppose -5*s - 3 - 2 = 0, 4*s + 164 = 4*m. Suppose 8 = -2*r, 5*r - m = -4*y + 2*r. Let j = 53 - -35. Calculate the remainder when j is divided by y.
10
Calculate the remainder when (378/(-504))/(2/(-776)) is divided by 9.
3
Let l(m) = 89*m**3 + 31*m**2 - 264*m - 103. Calculate the remainder when l(7) is divided by 12.
11
Let i(n) = n**2 - n. Let c(t) = -7*t**2 + 10*t + 5. Let m(f) = -c(f) - 6*i(f). Suppose -7*h + 49 = -0*h. What is the remainder when 75 is divided by m(h)?
11
Let b(z) = 3*z - 5*z + 0 - 8 + 1 + 5*z**2. Suppose 0 = 4*k - 2*h - 0*h + 2, 2*k + 31 = -5*h. Calculate the remainder when b(k) is divided by 24.
20
Suppose 0 = -121*z + 140*z - 4389. Calculate the remainder when z is divided by 46.
1
Let f = 18273 - 16099. Calculate the remainder when f is divided by 4.
2
Let h = 28969 - 28833. Let s be 6/9 - (-22)/(-6). Calculate the remainder when h is divided by (s/6)/((-1)/92).
44
Calculate the remainder when (1 - ((6 - 5) + 6)) + (-7344)/(-16) is divided by 23.
16
Suppose 455 = -3*k - 571. Let d = k - -477. What is the remainder when d is divided by 47?
41
Suppose -14*a + 15 = -19*a + 5*j, -4*j = 4. Let d(m) = -42*m - 90. Calculate the remainder when 935 is divided by d(a).
77
Let r be (-1)/((-5 + 8)/21). Let k(v) = 7*v**2 + 40*v + 15. Calculate the remainder when 89 is divided by k(r).
11
Suppose -11*k = -3*p - 10*k + 298, 0 = -5*p - 3*k + 506. Let g(i) = -i**3 - 10*i**2 - 11*i - 2. What is the remainder when 57 - (p/(-4))/5 is divided by g(-9)?
14
Suppose 17*p - 16*p - 5 = 0. Let v be 5*(-2)/(-10)*43. What is the remainder when 0 - 4 - (5 - v) is divided by p?
4
Let r(i) = 24*i**2 - 29*i - 9. What is the remainder when 281 is divided by r(3)?
41
Suppose 52*f - 3393 = -35*f. What is the remainder when 1596 is divided by f?
36
What is the remainder when -6 - (-6789 - (20 + -11)) is divided by 15?
12
Suppose -64 = 7*m - 85. Suppose -x = -m*x + 62. Calculate the remainder when x is divided by 16.
15
Let x(g) = 11*g - 1. Suppose -34*d + 5*k + 27 = -32*d, -5*d + 5*k + 105 = 0. What is the remainder when x(7) is divided by d?
24
Let k be (2/(12/(-15)))/(5/(-10)). Suppose k*z = -16*z + 147. What is the remainder when 44 is divided by z?
2
Suppose 0 = 2*b + 2*z - 166, 3*b - 62 = -z + 187. Calculate the remainder when 385 is divided by b.
53
Suppose -87*x - 333*x + 7140 = 0. Calculate the remainder when 24172 is divided by x.
15
Suppose -4 = 4*c, 0 = 359*b - 363*b - 3*c + 309. Calculate the remainder when 1143 is divided by b.
51
Let r be 2/8 + 169/(-4) + 0. Let c = r - -10. Let b = -9 - c. What is the remainder when b is divided by 12?
11
Let c = 434 - 428. Suppose -10*p = -c - 44. Calculate the remainder when 26 is divided by p.
1
Let d = 73 + -58. Suppose -3*p + d = 4*y - y, 0 = y - p - 13. Let i(v) = -v**3 - 4*v**2 + 6*v - 1. Calculate the remainder when i(-6) is divided by y.
8
Let u(j) = -j**2 - 25*j - 97. Let b be u(-18). Suppose 10*o = 11*o - b. Calculate the remainder when 115 is divided by o.
28
Let y = -2 + 23. Suppose 4*f = 11*z + 730, -5*z - 46 - 150 = -f. Calculate the remainder when f is divided by y.
19
Suppose 1202 + 160 = 5*t + t. Calculate the remainder when t is divided by 60.
47
Let w = -176 + 258. Let q = 86 - w. Suppose q*x = 12, 4*f = -f - 4*x + 57. What is the remainder when 24 is divided by f?
6
Let u = 15825 - 15763. Calculate the remainder when 3713 is divided by u.
55
Let x be 721 + (6 + -11 - -5) + -1. Suppose -734*g + 112 = -x*g. Calculate the remainder when 47 is divided by g.
7
Let h be 585/26*(2 + (-64)/20). Suppose -22 = 4*s - 3*b - 229, -3*b + 81 = 2*s. Let w = h + s. Calculate the remainder when w is divided by 10.
1
Let a(d) = -2*d**2 + 35*d - 8. What is the remainder when a(11) is divided by 66?
3
Let u(b) = -297*b + 4590. Calculate the remainder when u(7) is divided by 42.
33
What is the remainder when (-8)/(-8) - (1 + -37) is divided by (10/(-14))/(((-3)/((-210)/20))/(-2))?
2
Suppose 21*h = 28*h + 210. Let t(j) = -j**2 - 31*j + 75. What is the remainder when t(h) is divided by 37?
31
Let s(d) = -231*d - 4597. Calculate the remainder when s(-24) is divided by 13.
11
Let l = -1000 - -1210. Calculate the remainder when l is divided by 57.
39
Suppose 3*s - 3*z = 69, 2*s = -2*s + z + 107. Let u(o) = -o**3 + 23*o**2 - 115*o - 15. What is the remainder when u(12) is divided by s?
21
Suppose 0 = 4*y - 3*c + 1376, -4*y - c - 953 = 423. Let r = 357 + y. What is the remainder when 139 + 1*(0 - -1) is divided by r?
10
Let a = 46 - 36. Let d(m) = m**2 - 4*m + 4. Calculate the remainder when d(a) is divided by -4 - (-18 - (0 - -3)).
13
Let g = 37 - 31. Let t(o) = o**3 - 8*o**2 + 17*o - 20. Let l be t(g). Suppose 3*n - l = 14. Calculate the remainder when 15 is divided by n.
7
Let w(l) = 21*l - 1157. Let x(f) = -21*f. Suppose -d = 3*v + 3, 6*d - 2*d = 0. Calculate the remainder when w(59) is divided by x(v).
19
Let v(y) = -115*y - 1813. What is the remainder when 777 is divided by v(-16)?
21
Let w = -73 - -105. Calculate the remainder when w is divided by (-2)/120*8 - (-347)/15.
9
Suppose 62 = 12*k + 2. Suppose 0 = -2*o + 5*w + 424, -838 = -4*o - 0*o + k*w. What is the remainder when o is divided by 42?
39
Suppose 1063 = 50*g + 39*g + 262. Calculate the remainder when 471 is divided by g.
3
Suppose 3*s - 60 = -2*h + 536, -568 = -2*h + 4*s. Calculate the remainder when h is divided by (1872/90 - -20) + 78/65.
40
Suppose 0 = 4*c - 5*w - 77, 110 = 5*c - w + 19. Calculate the remainder when 45 is divided by c.
9
Suppose 0 = -3*j + 32*g - 31*g + 868, 1162 = 4*j + g. What is the remainder when j is divided by 29?
0
Suppose -4*n - 216 = -15*n - n. What is the remainder when (-1 - (-2 - -455))/(-2) is divided by n?
11
What is the remainder when 39/9*(-41)/((-451)/4818) is divided by 19?
17
Let x(v) = v**2 + 13*v + 50. Let d be x(-6). Suppose 1674 = 2*c + 3*m, 7*m - 3348 = -4*c + d*m. Calculate the remainder when c is divided by 12.
9
What is the remainder when 2 - (-8 + (-24)/(-6) + -377) is divided by 12?
11
Suppose h + 247 = 4*k, -4*k + 110 = -4*h - 158. What is the remainder when k is divided by 46?
14
Suppose 5*p - 3377 = -2*v, 4*v + 39*p - 40*p - 6699 = 0. Calculate the remainder when v is divided by 39.
38
Let i be (-200)/(-4) + -2 - (-4 - -8). Let u = -26 + i. Suppose -7 = -u*g + 17*g. Calculate the remainder when 25 is divided by g.
4
Let i = 36343 + -36323. Calculate the remainder when (-12)/(-8)*(1 + 91) is divided by i.
18
Suppose 1231 = 8*x + 423. Suppose -10*f + 1109 + x = 0. Calculate the remainder when f is divided by 44.
33
Let d = 80 + -42. Calculate the remainder when 49 + -25 + 99 + 1/((-1)/(-2)) is divided by d.
11
Suppose r - 1454 = y, 5*y + 3624 + 730 = 3*r. What is the remainder when r is divided by 86?
82
Suppose -15*h - 3*h + 16002 = -15066. Calculate the remainder when h is divided by 133.
130
Let z(k) = 2*k**3 + 38*k**2 + 31*k - 65. Calculate the remainder when 3271 is divided by z(-18).
21
Suppose -5*i = 4*o - 39, 58 = -8*o + 13*o - 3*i. Suppose -16*f = -o*f - 920. Calculate the remainder when f is divided by 37.
36
Suppose -4*g + 59 - 307 = -n, 0 = -4*n - g + 1043. What is the remainder when 4676 is divided by n?
256
Let k be 0 + 2/(-10) - (-64636)/130. Suppose -9*o + k = -2*o. Let u = o - 61. What is the remainder when 37 is divided by u?
7
Suppose -8 = 2*l + 2*u, 4*u + 822 = 3*l + 792. Calculate the remainder when 60 i